{"entities":{"Q1493876":{"pageid":1504616,"ns":120,"title":"Item:Q1493876","lastrevid":71964321,"modified":"2026-04-14T01:44:34Z","type":"item","id":"Q1493876","labels":{"en":{"language":"en","value":"Sur le groupement des int\u00e9grales des \u00e9quations lin\u00e9aires aux d\u00e9riv\u00e9es partielles \u00e0 deux variables ind\u00e9pendantes."}},"descriptions":{"en":{"language":"en","value":"scientific article; zbMATH DE number 2644067"}},"aliases":{},"claims":{"P31":[{"mainsnak":{"snaktype":"value","property":"P31","hash":"fd5912e4dab4b881a8eb0eb27e7893fef55176ad","datavalue":{"value":{"entity-type":"item","numeric-id":56887,"id":"Q56887"},"type":"wikibase-entityid"},"datatype":"wikibase-item"},"type":"statement","id":"Q1493876$1F007707-B430-46F8-87E0-F040F0856D75","rank":"normal"}],"P159":[{"mainsnak":{"snaktype":"value","property":"P159","hash":"cd102d17d4fe7a4b894ed683877f59ca89549d06","datavalue":{"value":{"text":"Sur le groupement des int\u00e9grales des \u00e9quations lin\u00e9aires aux d\u00e9riv\u00e9es partielles \u00e0 deux variables ind\u00e9pendantes.","language":"en"},"type":"monolingualtext"},"datatype":"monolingualtext"},"type":"statement","id":"Q1493876$8BCD4B83-4CA7-48DB-9DDD-03AB7B74B897","rank":"normal"}],"P225":[{"mainsnak":{"snaktype":"value","property":"P225","hash":"6b70a38969dfa377068168e93635045f9fe005dc","datavalue":{"value":"38.0388.01","type":"string"},"datatype":"external-id"},"type":"statement","id":"Q1493876$BB998738-D137-43A8-97F1-0A06427DEBE6","rank":"normal"}],"P28":[{"mainsnak":{"snaktype":"value","property":"P28","hash":"16c50cfb24727ba1cb564f74469b90f1a45b8fbb","datavalue":{"value":{"time":"+1906-00-00T00:00:00Z","timezone":0,"before":0,"after":0,"precision":9,"calendarmodel":"http://www.wikidata.org/entity/Q1985727"},"type":"time"},"datatype":"time"},"type":"statement","id":"Q1493876$73539B7E-5C86-4C62-9A3A-D34DAF0016ED","rank":"normal"}],"P1448":[{"mainsnak":{"snaktype":"value","property":"P1448","hash":"13146ea079033938e86ba7dc3a349a51cb10e851","datavalue":{"value":"Anwendung der im Journ. de Math. (5) 9 (1903) vom Verf. mitgeteilten Ergebnisse seiner Forschungen auf die linearen Gleichungen mit zwei unabh\u00e4ngigen Ver\u00e4nderlichen. Die Integrale bilden eine linear unabh\u00e4ngigen prim\u00e4ren Funktionen von der Ordnung \\(n\\) konstant und ist im Sinne \\textit{Amp\u00e8res} gleich der Klasse. -- Die geordnete Entwicklung der Menge. -- Jede an den anf\u00e4nglichen Variabeln oder den Parametern einer Funktion der Menge ausge\u00fcbte infinitesimale Transformation gibt eine neue Funktion der Menge. Die in einem Punkte verschwindenen Integrale, deren Ordnnung daselbst hinreichend hoch ist, k\u00f6nnen in Gruppen oder Zykeln derart eingeteilt werden, da\u00df\\ das infinitesimal transformierte Integral eines Integrals des Zyklus ein anderes Integral desselben Zyklus ist. In der vorliegenden Arbeit werden die Zyklen der ersten und der zweiten Klasse eingehend untersucht (Rev. sem. \\(16_{2}\\), 65).","type":"string"},"datatype":"string"},"type":"statement","id":"Q1493876$98EF4984-C3B7-4F5E-BE11-A73F0A940896","rank":"normal"}],"P1451":[{"mainsnak":{"snaktype":"value","property":"P1451","hash":"7208a2a5750ed78a4fc565b2653aea6d648a698d","datavalue":{"value":"2644067","type":"string"},"datatype":"external-id"},"type":"statement","id":"Q1493876$DE612E3C-53BA-406B-955E-E7B72A32BE3D","rank":"normal"}],"P16":[{"mainsnak":{"snaktype":"value","property":"P16","hash":"8bd44bfbd545259197ac3d6195f1136683d22af7","datavalue":{"value":{"entity-type":"item","numeric-id":561229,"id":"Q561229"},"type":"wikibase-entityid"},"datatype":"wikibase-item"},"type":"statement","id":"Q1493876$5D5339C5-F03C-4C3E-9682-78D967F3FD05","rank":"normal"}],"P1460":[{"mainsnak":{"snaktype":"value","property":"P1460","hash":"57f7fea50d2ce1b39b695c4a1313582eed405e38","datavalue":{"value":{"entity-type":"item","numeric-id":5976449,"id":"Q5976449"},"type":"wikibase-entityid"},"datatype":"wikibase-item"},"type":"statement","id":"Q1493876$EB9D6D09-470C-4E06-A83B-3176103CA19C","rank":"normal"}]},"sitelinks":{"mardi":{"site":"mardi","title":"Sur le groupement des int\u00e9grales des \u00e9quations lin\u00e9aires aux d\u00e9riv\u00e9es partielles \u00e0 deux variables ind\u00e9pendantes.","badges":[],"url":"https://portal.mardi4nfdi.de/wiki/Sur_le_groupement_des_int%C3%A9grales_des_%C3%A9quations_lin%C3%A9aires_aux_d%C3%A9riv%C3%A9es_partielles_%C3%A0_deux_variables_ind%C3%A9pendantes."}}}}}

Sur le groupement des intégrales des équations linéaires aux dérivées partielles à deux variables indépendantes.

Anwendung der im Journ. de Math. (5) 9 (1903) vom Verf. mitgeteilten Ergebnisse seiner Forschungen auf die linearen Gleichungen mit zwei unabhängigen Veränderlichen. Die Integrale bilden eine linear unabhängigen primären Funktionen von der Ordnung \(n\) konstant und ist im Sinne \textit{Ampères} gleich der Klasse. -- Die geordnete Entwicklung der Menge. -- Jede an den anfänglichen Variabeln oder den Parametern einer Funktion der Menge ausgeübte infinitesimale Transformation gibt eine neue Funktion der Menge. Die in einem Punkte verschwindenen Integrale, deren Ordnnung daselbst hinreichend hoch ist, können in Gruppen oder Zykeln derart eingeteilt werden, daß\ das infinitesimal transformierte Integral eines Integrals des Zyklus ein anderes Integral desselben Zyklus ist. In der vorliegenden Arbeit werden die Zyklen der ersten und der zweiten Klasse eingehend untersucht (Rev. sem. \(16_{2}\), 65).
