{"entities":{"Q1523670":{"pageid":1534410,"ns":120,"title":"Item:Q1523670","lastrevid":73140849,"modified":"2026-04-14T14:42:48Z","type":"item","id":"Q1523670","labels":{"en":{"language":"en","value":"Rapport sur le m\u00e9moire intitul\u00e9: La projectivit\u00e9 imaginaire par Cl. Servais."}},"descriptions":{"en":{"language":"en","value":"scientific article; zbMATH DE number 2679117"}},"aliases":{},"claims":{"P31":[{"mainsnak":{"snaktype":"value","property":"P31","hash":"fd5912e4dab4b881a8eb0eb27e7893fef55176ad","datavalue":{"value":{"entity-type":"item","numeric-id":56887,"id":"Q56887"},"type":"wikibase-entityid"},"datatype":"wikibase-item"},"type":"statement","id":"Q1523670$34645BAF-69E2-4FF4-9F20-1F236A59117C","rank":"normal"}],"P159":[{"mainsnak":{"snaktype":"value","property":"P159","hash":"283af1ff869075af25a4eaed52366d39d7d9b5c7","datavalue":{"value":{"text":"Rapport sur le m\u00e9moire intitul\u00e9: La projectivit\u00e9 imaginaire par Cl. Servais.","language":"en"},"type":"monolingualtext"},"datatype":"monolingualtext"},"type":"statement","id":"Q1523670$6C5CC342-54D5-4A6F-BBB7-758EA6310559","rank":"normal"}],"P225":[{"mainsnak":{"snaktype":"value","property":"P225","hash":"bfe0e488cf798d327e4efc7b3d4fbfea98b73199","datavalue":{"value":"26.0607.03","type":"string"},"datatype":"external-id"},"type":"statement","id":"Q1523670$EB8E270A-CD8A-44D2-B88A-879D7D006B02","rank":"normal"}],"P16":[{"mainsnak":{"snaktype":"value","property":"P16","hash":"6b5414c148480bb0e6f2edd68a0955073c368ce2","datavalue":{"value":{"entity-type":"item","numeric-id":1446053,"id":"Q1446053"},"type":"wikibase-entityid"},"datatype":"wikibase-item"},"type":"statement","id":"Q1523670$66D8F190-8A2A-4F67-A682-829991168D32","rank":"normal"},{"mainsnak":{"snaktype":"value","property":"P16","hash":"40538e287dfc39f4342ee3ef8bf658fd7b997dbe","datavalue":{"value":{"entity-type":"item","numeric-id":1484509,"id":"Q1484509"},"type":"wikibase-entityid"},"datatype":"wikibase-item"},"type":"statement","id":"Q1523670$FE6FDC65-08E5-4E2E-AA1A-532D02983403","rank":"normal"}],"P28":[{"mainsnak":{"snaktype":"value","property":"P28","hash":"2dbddd19a71bc3fabdf36f2b55b2f92dd897fd9b","datavalue":{"value":{"time":"+1895-00-00T00:00:00Z","timezone":0,"before":0,"after":0,"precision":9,"calendarmodel":"http://www.wikidata.org/entity/Q1985727"},"type":"time"},"datatype":"time"},"type":"statement","id":"Q1523670$54929835-7917-4EA7-862F-D8E0FB68BC9B","rank":"normal"}],"P1448":[{"mainsnak":{"snaktype":"value","property":"P1448","hash":"68d8ee79fde7427200d5b886918fb7721827a309","datavalue":{"value":"Die Abhandlung (siehe JFM 26.0607.02) besch\u00e4ftigt sich mit der Projectivit\u00e4t der Grundformen der beiden ersten Stufen und der Formen zweiten Grades, wenn man die imagin\u00e4ren Elemente hinzunimmt. Der Verf. er\u00f6rtert das anharmonische Verh\u00e4ltnis und seine Eigenschaften, sei es reell, complex oder rein imagin\u00e4r; die Involution der beiden projectiven Formen; die Kegelschnitte und die geradlinigen imagin\u00e4ren Fl\u00e4chen zweiter Ordnung. Zum Schlusse vervollst\u00e4ndigt er seine fr\u00fcheren Untersuchungen \u00fcber die kubischen Raumcurven, indem er auch imagin\u00e4re Elemente betrachtet. Im Verein mit den fr\u00fcheren Schriften des Verf. \u00fcber angrenzende Gebiete bildet diese Abhandlung einen wichtigen Beitrag zu der Theorie des Imagin\u00e4ren in dem Sinne von v. Staudt.","type":"string"},"datatype":"string"},"type":"statement","id":"Q1523670$40024574-302A-4C9B-BEFC-64DFDEC48B26","rank":"normal"}],"P1451":[{"mainsnak":{"snaktype":"value","property":"P1451","hash":"c089d3bcd6390e07a425de7db77ad04f7b181d75","datavalue":{"value":"2679117","type":"string"},"datatype":"external-id"},"type":"statement","id":"Q1523670$4B2200E5-D79D-4BB6-ABDA-F1E4EC31F7B8","rank":"normal"}],"P1460":[{"mainsnak":{"snaktype":"value","property":"P1460","hash":"57f7fea50d2ce1b39b695c4a1313582eed405e38","datavalue":{"value":{"entity-type":"item","numeric-id":5976449,"id":"Q5976449"},"type":"wikibase-entityid"},"datatype":"wikibase-item"},"type":"statement","id":"Q1523670$0156783B-D9E5-40EC-9558-43EF735F2988","rank":"normal"}]},"sitelinks":{"mardi":{"site":"mardi","title":"Rapport sur le m\u00e9moire intitul\u00e9: La projectivit\u00e9 imaginaire par Cl. Servais.","badges":[],"url":"https://portal.mardi4nfdi.de/wiki/Rapport_sur_le_m%C3%A9moire_intitul%C3%A9:_La_projectivit%C3%A9_imaginaire_par_Cl._Servais."}}}}}

Rapport sur le mémoire intitulé: La projectivité imaginaire par Cl. Servais.

Die Abhandlung (siehe JFM 26.0607.02) beschäftigt sich mit der Projectivität der Grundformen der beiden ersten Stufen und der Formen zweiten Grades, wenn man die imaginären Elemente hinzunimmt. Der Verf. erörtert das anharmonische Verhältnis und seine Eigenschaften, sei es reell, complex oder rein imaginär; die Involution der beiden projectiven Formen; die Kegelschnitte und die geradlinigen imaginären Flächen zweiter Ordnung. Zum Schlusse vervollständigt er seine früheren Untersuchungen über die kubischen Raumcurven, indem er auch imaginäre Elemente betrachtet. Im Verein mit den früheren Schriften des Verf. über angrenzende Gebiete bildet diese Abhandlung einen wichtigen Beitrag zu der Theorie des Imaginären in dem Sinne von v. Staudt.
