{"entities":{"Q560085":{"pageid":561852,"ns":120,"title":"Item:Q560085","lastrevid":62812218,"modified":"2026-04-11T08:34:46Z","type":"item","id":"Q560085","labels":{"en":{"language":"en","value":"Sopra il calcolo differenziale assoluto negli spazi funzionali continui."}},"descriptions":{"en":{"language":"en","value":"scientific article; zbMATH DE number 2547412"}},"aliases":{},"claims":{"P31":[{"mainsnak":{"snaktype":"value","property":"P31","hash":"fd5912e4dab4b881a8eb0eb27e7893fef55176ad","datavalue":{"value":{"entity-type":"item","numeric-id":56887,"id":"Q56887"},"type":"wikibase-entityid"},"datatype":"wikibase-item"},"type":"statement","id":"Q560085$08AA25CE-28D4-4409-BDC4-97634A147632","rank":"normal"}],"P159":[{"mainsnak":{"snaktype":"value","property":"P159","hash":"a75f978713b78082f5faeb2033dc065c985fb1d8","datavalue":{"value":{"text":"Sopra il calcolo differenziale assoluto negli spazi funzionali continui.","language":"en"},"type":"monolingualtext"},"datatype":"monolingualtext"},"type":"statement","id":"Q560085$6392F976-529A-4957-A5DB-68079CDF1670","rank":"normal"}],"P225":[{"mainsnak":{"snaktype":"value","property":"P225","hash":"70d68b912a3a3781a6736f7208f52f8b572dd30e","datavalue":{"value":"59.1345.03","type":"string"},"datatype":"external-id"},"type":"statement","id":"Q560085$92BF49E1-5585-494B-A132-2B079ED52AB1","rank":"normal"}],"P16":[{"mainsnak":{"snaktype":"value","property":"P16","hash":"e2e9341855e1a2be5cf47dd076776e25307a5e4f","datavalue":{"value":{"entity-type":"item","numeric-id":560083,"id":"Q560083"},"type":"wikibase-entityid"},"datatype":"wikibase-item"},"type":"statement","id":"Q560085$15A7596D-E084-4745-9326-02A5DB43C982","rank":"normal"}],"P200":[{"mainsnak":{"snaktype":"value","property":"P200","hash":"cda0afde0d5e17a34779da604e17641e4caafdfb","datavalue":{"value":{"entity-type":"item","numeric-id":560084,"id":"Q560084"},"type":"wikibase-entityid"},"datatype":"wikibase-item"},"type":"statement","id":"Q560085$34405C9E-FF14-4780-AE4F-ED8E27C1582F","rank":"normal"}],"P28":[{"mainsnak":{"snaktype":"value","property":"P28","hash":"5229eeedf2f969cf3cb5fc8ccac583c702705ed8","datavalue":{"value":{"time":"+1933-00-00T00:00:00Z","timezone":0,"before":0,"after":0,"precision":9,"calendarmodel":"http://www.wikidata.org/entity/Q1985727"},"type":"time"},"datatype":"time"},"type":"statement","id":"Q560085$07A3EDF7-7087-4F04-AFBA-6DD0ED44C6F9","rank":"normal"}],"P205":[{"mainsnak":{"snaktype":"value","property":"P205","hash":"e7ed1a783abee3fa4dc3af3441480eceda0f4d93","datavalue":{"value":"https://eudml.org/doc/82860","type":"string"},"datatype":"url"},"type":"statement","id":"Q560085$4A36F68E-DBEF-4B41-9A08-0E48A2E28A8B","rank":"normal"}],"P1448":[{"mainsnak":{"snaktype":"value","property":"P1448","hash":"d14ff8712ee4963fb3af1940ac67d079c53912c0","datavalue":{"value":"Verf. bringt eine zusammenfassende Darstellung der von ihm selbst (1930; F. d. M. \\(56_{\\text{I}}\\), 645. Ferner: Parallelismo negli spazi funzionali continui, Rendiconti Accad. d. L. Roma (6) 13 (1931), 173-178, 562-568; F. d. M. 57), von \\textit{A. D. Michal} (1928, 1930; F. d. M. 54, 428 (JFM 54.0428.*); \\(56_{\\text{II}}\\), 1192-1193) und \\textit{G. C. Moisil} (1928, 1929; F. d. M. 54, 429 (JFM 54.0429.*); \\(55_{\\text{II}}\\), 1123) erhaltenen Ergebnisse \u00fcber die Verallgemeinerung der Grundbegriffe des absoluten Differentialkalk\u00fcls (der Tensoralgebra und -analysis), unter analytischem Gesichtspunkt, und der Geometrie der \\textit{Riemann}schen und affinen Mannigfaltigkeiten, der Begriffe des Parallelismus, der geod\u00e4tischen Linie und der Kr\u00fcmmung in diesen R\u00e4umen, unter geometrischem Gesichtspunkt, auf kontinuierliche Funktionalr\u00e4ume.   Der vom Verf. betrachtete Funktionalraum ist der Raum aller im Intervall \\(0\\leqq x\\leqq 1\\) definierten und daselbst stetigen Funktionen \\(y^x\\) einer reelen Ver\u00e4nderlichen \\(x\\). Jede Funktion stellt einen Punkt des Raumes dar, und die einzelnen Werte, die sie annimmt, wenn die unabh\u00e4ngige Ver\u00e4nderliche von 0 bis 1 l\u00e4uft, sind die Koordinaten des Punktes. Die der Geometrie in dem eben genannten Raum zugrunde gelegte Transformationsgruppe der Ver\u00e4nderlichen ist diejenige der Transformationen  \\[  y^x=y^x[\\bar y^t] \\tag{1} \\]  wo \\(y^x\\) ein beliebiges stetiges und monodromes Funktional von \\(\\bar y^t\\) in \\(| \\bar y^t-\\bar y_{\\omega }^t| <M\\) ist, das als Funktion in \\(\\langle 0,1\\rangle \\) stetig ist und ein \\textit{Fr\u00e9chet}sches Differential (1914; F. d. M. 45, 550 (JFM 45.0550.*))  \\[  \\delta y^x=\\delta \\bar y^x +{}'y_{\\alpha }^x[\\bar y^t]\\delta \\bar y^{\\alpha } \\tag{2} \\]  besitzt. (Am Ende der Arbeit wird diese Voraussetzung, den neuesten Untersuchungen \\textit{Michals} folgend, erweitert.) In (2) ist das letzte Glied gleich \\(\\int \\limits _0^1{}'y_{\\alpha }^x[\\bar y^t]\\delta y^{\\alpha }d\\alpha \\) (verallgeminerte Summationsvorschrift) und der Kern \\({}'y_{\\alpha }^x[\\bar y^t]\\) als in \\(\\langle 0,1\\rangle \\) stetige Funktion von \\(x\\) und als in \\(| \\bar y^t-\\bar y_{\\omega }^t| <M\\) stetiges Funktional von \\(\\bar y^t\\) angenommen. Seine \\textit{Fredholm}sche Determinante sei ungleich 0. Schlie\u00dflich wird (1) noch als eindeutig umkehrbar vorausgesetzt. Verf. macht wie \\textit{Moisil} Gebrauch von der sogenannten \\textit{Dirac}schen Funkition \\(\\delta (x,z)\\), die in gewisser Weise dieselbe Rolle spielt wie der Einheitsaffinor, dessen Komponenten die \\textit{Kronecker}schen Symbole \\(\\delta _s^r\\) sind, im gew\u00f6hnlichen absoluten Differantialkalk\u00fcl, und vereinfacht in bemerkenswerter Weise die Entwicklungen, indem er die Ausdr\u00fccke  \\[  \\Big ( \\frac {\\delta y^x}{\\delta \\bar y^{\\alpha }}\\Big ) ={}'y_{\\alpha }^x [\\bar y^t]+\\delta (\\alpha,x), \\qquad \\Big ( \\frac {\\delta \\bar y^x}{\\delta y^{\\alpha }}\\Big ) ={}'\\bar y_{\\alpha }^x [y^t]+\\delta (\\alpha,x) \\]  einf\u00fchrt. Dies erlaubt, die Formeln f\u00fcr die Transformation der \\textit{Fr\u00e9chet}schen Differentiale \\(\\delta y^x\\) so zu schreiben:  \\[  \\delta y^{\\xi }=\\Big ( \\frac {\\delta y^{\\xi }}{\\delta \\bar y^{\\eta }}\\Big ) \\delta \\bar y^{\\eta }. \\]  Allgemeiner gehen gerade in \\(\\Big ( \\dfrac {\\delta y^x}{\\delta \\bar y^{\\alpha }}\\Big )\\) und \\(\\Big ( \\dfrac {\\delta \\bar y^x}{\\delta y^{\\alpha }}\\Big )\\) in die Formeln der Tensortransformation in der auf den Funktionalraum verallgemeinerten Tensoralgebra ein. Insbesondere sind die Koeffizienten des ``\\(ds^2\\) von zweiter Art'' Tensorkomponenten, und dieses  \\[  ds^2=\\{ a_{\\xi _1,\\xi _2}[y^x]+\\delta (\\xi _1,\\xi _2)\\} \\delta y^{\\xi _1}\\delta y^{\\xi _2} \\]  wird einer Metrik im Funktionalraum zugrunde gelegt. Verf. entwickelt die Elemente dieser Metrik und Tensoralgebra f\u00fcr den Funktionalraum in einer der ge\\-w\u00f6hnlichen ziemlich analogen Form. Darauf geht er zur Tenzoralaysis \u00fcber, d. h. zum Parallelismus, den er wie \\textit{Weyl} einf\u00fchrt, indem er von dem system \\(\\varGamma _{\\tau \\sigma }^h[y^x]\\) von Parametern ausgeht (t\u00e4tsachlich jedoch geht \\textit{Weyl} von geometrischen Betrachtungen aus, die ihn zu jenen Parametern f\u00fchren) und dann die Invarianz der Vektorl\u00e4ngen bei der \u00dcbertgragung ausdr\u00fcckt. Auf diese Weise wird die Bestimmung der Funktionale \\(\\varGamma _{\\tau \\sigma }^{\\lambda }\\) auf die L\u00f6sung einer \\textit{Fredholm}schen Integralgleichung zweiter Art zur\u00fcckgef\u00fchrt, so da\u00df\\^^Mder Zusammenhang und der Palallelismus - wie in der gew\u00f6hnlichen \\textit{Riemann}schen \\(V_n\\) - durch die Metrik bestimmt sind. Aus den Transformationsformeln der \\(\\varGamma _{\\tau \\sigma }^{\\lambda }[y^{\\alpha }]\\) gewinnt man mittels eines Ableitungs- und Eliminationsprozesses, wie f\u00fcr die \\(V_n\\), den Kr\u00fcmmungstensor. Verf. weist auf dessen geometrische Deutung hin.   Soweit der erste Teil der Arbeit; im zweiten Teil f\u00fchrt Verf. in den Funktionalraum den allgemeinen begriff des affinen Zusammenhangs ein und deutet rasch und ohne n\u00e4here Begr\u00fcndung einige darauf bez\u00fcgliche Ergebnisse an. Er weist dann darauf hin, wie man die gesamte Theorie auf den von \\textit{Michal} in seiner Arbeit vom Jahre 1930 (l. c.) betrachteten Fall ausdehnen kann, f\u00fcr den die \\textit{Fr\u00e9chet}schen Differentiale von \\(y^x[\\bar y^{\\alpha }]\\) im Gegensatz zu (2) durch eine Formel von folgenden Typus ausgedr\u00fcckt werden:  \\[  \\delta y^x={}_xy^x\\delta \\bar y^x+{}'y_t^x\\delta \\bar y^t, \\tag{3} \\]  wobei die Funktionen \\({}_xy^x\\) und die \\textit{Fredholm}sche Determinante von \\({}'y_t^x/{}_xy^x\\) als von Null verschieden angenommen werden. Diese Transformation kann man ``von dritter Art'' nennen, insofern als man bei der Aufl\u00f6sung nach \\(\\delta \\bar y^x\\) auf die L\u00f6sung einer Integralgleichung dritter Art gef\u00fchrt wird. Dementsprechend \u00e4ndert sich die Form, die man dem \\(ds^2\\) geben mu\u00df, um eine Metrik festzusetzen (n\u00e4mlich die vom Verf. ``von dritter Art'' genannte), und die Darstellung der affinen Zusammenh\u00e4nge wird im allgemeinen sehr verwickelt. Es ist jedoch anzunehmen, da\u00df\\ auch in diesem Falle ein geeigneter Symbolismus wesentliche Vereinfachungen bringen wird. (IV 7.)","type":"string"},"datatype":"string"},"type":"statement","id":"Q560085$07C500DF-003E-458D-B8D0-640F59B4D5F1","rank":"normal"}],"P1451":[{"mainsnak":{"snaktype":"value","property":"P1451","hash":"033b864dcdfcbd4ca5a2b208c72642c557e93808","datavalue":{"value":"2547412","type":"string"},"datatype":"external-id"},"type":"statement","id":"Q560085$473398FE-F9C7-470C-8DC1-7D19D5347FE7","rank":"normal"}],"P1460":[{"mainsnak":{"snaktype":"value","property":"P1460","hash":"57f7fea50d2ce1b39b695c4a1313582eed405e38","datavalue":{"value":{"entity-type":"item","numeric-id":5976449,"id":"Q5976449"},"type":"wikibase-entityid"},"datatype":"wikibase-item"},"type":"statement","id":"Q560085$FEB0D512-C696-4064-BB2C-ADDC95E64488","rank":"normal"}]},"sitelinks":{"mardi":{"site":"mardi","title":"Sopra il calcolo differenziale assoluto negli spazi funzionali continui.","badges":[],"url":"https://portal.mardi4nfdi.de/wiki/Sopra_il_calcolo_differenziale_assoluto_negli_spazi_funzionali_continui."}}}}}

Verf. bringt eine zusammenfassende Darstellung der von ihm selbst (1930; F. d. M. \(56_{\text{I}}\), 645. Ferner: Parallelismo negli spazi funzionali continui, Rendiconti Accad. d. L. Roma (6) 13 (1931), 173-178, 562-568; F. d. M. 57), von \textit{A. D. Michal} (1928, 1930; F. d. M. 54, 428 (JFM 54.0428.*); \(56_{\text{II}}\), 1192-1193) und \textit{G. C. Moisil} (1928, 1929; F. d. M. 54, 429 (JFM 54.0429.*); \(55_{\text{II}}\), 1123) erhaltenen Ergebnisse über die Verallgemeinerung der Grundbegriffe des absoluten Differentialkalküls (der Tensoralgebra und -analysis), unter analytischem Gesichtspunkt, und der Geometrie der \textit{Riemann}schen und affinen Mannigfaltigkeiten, der Begriffe des Parallelismus, der geodätischen Linie und der Krümmung in diesen Räumen, unter geometrischem Gesichtspunkt, auf kontinuierliche Funktionalräume.   Der vom Verf. betrachtete Funktionalraum ist der Raum aller im Intervall \(0\leqq x\leqq 1\) definierten und daselbst stetigen Funktionen \(y^x\) einer reelen Veränderlichen \(x\). Jede Funktion stellt einen Punkt des Raumes dar, und die einzelnen Werte, die sie annimmt, wenn die unabhängige Veränderliche von 0 bis 1 läuft, sind die Koordinaten des Punktes. Die der Geometrie in dem eben genannten Raum zugrunde gelegte Transformationsgruppe der Veränderlichen ist diejenige der Transformationen  \[  y^x=y^x[\bar y^t] \tag{1} \]  wo \(y^x\) ein beliebiges stetiges und monodromes Funktional von \(\bar y^t\) in \(| \bar y^t-\bar y_{\omega }^t| <M\) ist, das als Funktion in \(\langle 0,1\rangle \) stetig ist und ein \textit{Fréchet}sches Differential (1914; F. d. M. 45, 550 (JFM 45.0550.*))  \[  \delta y^x=\delta \bar y^x +{}'y_{\alpha }^x[\bar y^t]\delta \bar y^{\alpha } \tag{2} \]  besitzt. (Am Ende der Arbeit wird diese Voraussetzung, den neuesten Untersuchungen \textit{Michals} folgend, erweitert.) In (2) ist das letzte Glied gleich \(\int \limits _0^1{}'y_{\alpha }^x[\bar y^t]\delta y^{\alpha }d\alpha \) (verallgeminerte Summationsvorschrift) und der Kern \({}'y_{\alpha }^x[\bar y^t]\) als in \(\langle 0,1\rangle \) stetige Funktion von \(x\) und als in \(| \bar y^t-\bar y_{\omega }^t| <M\) stetiges Funktional von \(\bar y^t\) angenommen. Seine \textit{Fredholm}sche Determinante sei ungleich 0. Schließlich wird (1) noch als eindeutig umkehrbar vorausgesetzt. Verf. macht wie \textit{Moisil} Gebrauch von der sogenannten \textit{Dirac}schen Funkition \(\delta (x,z)\), die in gewisser Weise dieselbe Rolle spielt wie der Einheitsaffinor, dessen Komponenten die \textit{Kronecker}schen Symbole \(\delta _s^r\) sind, im gewöhnlichen absoluten Differantialkalkül, und vereinfacht in bemerkenswerter Weise die Entwicklungen, indem er die Ausdrücke  \[  \Big ( \frac {\delta y^x}{\delta \bar y^{\alpha }}\Big ) ={}'y_{\alpha }^x [\bar y^t]+\delta (\alpha,x), \qquad \Big ( \frac {\delta \bar y^x}{\delta y^{\alpha }}\Big ) ={}'\bar y_{\alpha }^x [y^t]+\delta (\alpha,x) \]  einführt. Dies erlaubt, die Formeln für die Transformation der \textit{Fréchet}schen Differentiale \(\delta y^x\) so zu schreiben:  \[  \delta y^{\xi }=\Big ( \frac {\delta y^{\xi }}{\delta \bar y^{\eta }}\Big ) \delta \bar y^{\eta }. \]  Allgemeiner gehen gerade in \(\Big ( \dfrac {\delta y^x}{\delta \bar y^{\alpha }}\Big )\) und \(\Big ( \dfrac {\delta \bar y^x}{\delta y^{\alpha }}\Big )\) in die Formeln der Tensortransformation in der auf den Funktionalraum verallgemeinerten Tensoralgebra ein. Insbesondere sind die Koeffizienten des ``\(ds^2\) von zweiter Art'' Tensorkomponenten, und dieses  \[  ds^2=\{ a_{\xi _1,\xi _2}[y^x]+\delta (\xi _1,\xi _2)\} \delta y^{\xi _1}\delta y^{\xi _2} \]  wird einer Metrik im Funktionalraum zugrunde gelegt. Verf. entwickelt die Elemente dieser Metrik und Tensoralgebra für den Funktionalraum in einer der ge\-wöhnlichen ziemlich analogen Form. Darauf geht er zur Tenzoralaysis über, d. h. zum Parallelismus, den er wie \textit{Weyl} einführt, indem er von dem system \(\varGamma _{\tau \sigma }^h[y^x]\) von Parametern ausgeht (tätsachlich jedoch geht \textit{Weyl} von geometrischen Betrachtungen aus, die ihn zu jenen Parametern führen) und dann die Invarianz der Vektorlängen bei der Übertgragung ausdrückt. Auf diese Weise wird die Bestimmung der Funktionale \(\varGamma _{\tau \sigma }^{\lambda }\) auf die Lösung einer \textit{Fredholm}schen Integralgleichung zweiter Art zurückgeführt, so daß\^^Mder Zusammenhang und der Palallelismus - wie in der gewöhnlichen \textit{Riemann}schen \(V_n\) - durch die Metrik bestimmt sind. Aus den Transformationsformeln der \(\varGamma _{\tau \sigma }^{\lambda }[y^{\alpha }]\) gewinnt man mittels eines Ableitungs- und Eliminationsprozesses, wie für die \(V_n\), den Krümmungstensor. Verf. weist auf dessen geometrische Deutung hin.   Soweit der erste Teil der Arbeit; im zweiten Teil führt Verf. in den Funktionalraum den allgemeinen begriff des affinen Zusammenhangs ein und deutet rasch und ohne nähere Begründung einige darauf bezügliche Ergebnisse an. Er weist dann darauf hin, wie man die gesamte Theorie auf den von \textit{Michal} in seiner Arbeit vom Jahre 1930 (l. c.) betrachteten Fall ausdehnen kann, für den die \textit{Fréchet}schen Differentiale von \(y^x[\bar y^{\alpha }]\) im Gegensatz zu (2) durch eine Formel von folgenden Typus ausgedrückt werden:  \[  \delta y^x={}_xy^x\delta \bar y^x+{}'y_t^x\delta \bar y^t, \tag{3} \]  wobei die Funktionen \({}_xy^x\) und die \textit{Fredholm}sche Determinante von \({}'y_t^x/{}_xy^x\) als von Null verschieden angenommen werden. Diese Transformation kann man ``von dritter Art'' nennen, insofern als man bei der Auflösung nach \(\delta \bar y^x\) auf die Lösung einer Integralgleichung dritter Art geführt wird. Dementsprechend ändert sich die Form, die man dem \(ds^2\) geben muß, um eine Metrik festzusetzen (nämlich die vom Verf. ``von dritter Art'' genannte), und die Darstellung der affinen Zusammenhänge wird im allgemeinen sehr verwickelt. Es ist jedoch anzunehmen, daß\ auch in diesem Falle ein geeigneter Symbolismus wesentliche Vereinfachungen bringen wird. (IV 7.)
